
2a
-122 (base 4) to base 14
-1c
Convert 26 (base 10) to base 2.
11010
What is -6 (base 10) in base 2?
-110
Convert 1 (base 13) to base 3.
1
-3 (base 8) to base 12
-3
What is 1 (base 9) in base 8?
1
53 (base 6) to base 9
36
Convert 7a (base 13) to base 12.
85
Convert 1 (base 7) to base 9.
1
2010 (base 3) to base 12
49
4b (base 14) to base 16
43
What is -21 (base 5) in base 2?
-1011
What is 89 (base 10) in base 8?
131
Convert 7 (base 10) to base 13.
7
Convert -31 (base 9) to base 7.
-40
What is -23 (base 10) in base 13?
-1a
What is 6 (base 14) in base 10?
6
Convert 96 (base 10) to base 11.
88
0 (base 4) to base 3
0
Convert -38 (base 12) to base 3.
-1122
6 (base 10) to base 12
6
Convert 0 (base 13) to base 9.
0
What is -1101110 (base 2) in base 11?
-a0
Convert 4 (base 13) to base 5.
4
What is 214 (base 5) in base 12?
4b
Convert -3 (base 7) to base 3.
-10
What is -2 (base 11) in base 5?
-2
What is -5 (base 13) in base 15?
-5
1 (base 14) to base 5
1
Convert -4 (base 9) to base 14.
-4
What is -a (base 11) in base 16?
-a
Convert -434 (base 7) to base 9.
-265
-35 (base 12) to base 6
-105
Convert 3 (base 5) to base 9.
3
What is -133 (base 6) in base 9?
-63
Convert -10 (base 15) to base 3.
-120
Convert 4 (base 11) to base 16.
4
-41 (base 16) to base 8
-101
-5b (base 12) to base 9
-78
-14 (base 15) to base 8
-23
What is -8e (base 16) in base 12?
-ba
What is 9 (base 14) in base 15?
9
51 (base 7) to base 15
26
16 (base 10) to base 14
12
Convert -10 (base 10) to base 9.
-11
11202 (base 3) to base 11
107
2 (base 4) to base 7
2
What is -8 (base 12) in base 13?
-8
Convert -6 (base 16) to base 11.
-6
What is -1 (base 7) in base 6?
-1
Convert 4 (base 15) to base 12.
4
Convert 6a (base 15) to base 16.
64
Convert 120 (base 3) to base 13.
12
Convert 0 (base 15) to base 9.
0
210 (base 10) to base 9
253
1 (base 2) to base 11
1
-14 (base 12) to base 13
-13
What is -123 (base 5) in base 14?
-2a
Convert -52 (base 8) to base 12.
-36
What is -101 (base 2) in base 3?
-12
What is 184 (base 10) in base 5?
1214
-5 (base 8) to base 15
-5
Convert 210 (base 4) to base 10.
36
What is 4a (base 16) in base 11?
68
Convert -19 (base 10) to base 5.
-34
What is 0 (base 13) in base 9?
0
Convert 4 (base 11) to base 2.
100
-32 (base 9) to base 10
-29
What is -3 (base 16) in base 10?
-3
Convert -31 (base 11) to base 10.
-34
7 (base 10) to base 7
10
11 (base 5) to base 9
6
-a9 (base 16) to base 4
-2221
6 (base 9) to base 13
6
What is 111 (base 6) in base 15?
2d
-4 (base 12) to base 5
-4
Convert 9 (base 12) to base 8.
11
-30 (base 4) to base 7
-15
28 (base 14) to base 3
1100
Convert 14 (base 6) to base 14.
a
What is -9 (base 13) in base 9?
-10
92 (base 14) to base 12
a8
-2 (base 3) to base 9
-2
Convert 1 (base 5) to base 10.
1
22 (base 7) to base 11
15
31 (base 5) to base 12
14
What is -121 (base 8) in base 2?
-1010001
-3 (base 5) to base 11
-3
What is -100 (base 2) in base 14?
-4
What is 1 (base 3) in base 11?
1
What is -104 (base 9) in base 10?
-85
32 (base 14) to base 11
40
What is -8 (base 15) in base 12?
-8
31 (base 5) to base 16
10
Convert -13 (base 10) to base 4.
-31
-1 (base 8) to base 11
-1
What is -12 (base 6) in base 15?
-8
-16 (base 9) to base 14
-11
Convert -74 (base 14) to base 7.
-204
Convert -2 (base 6) to base 16.
-2
Convert 13 (base 5) to base 9.
8
Convert 34 (base 11) to base 7.
52
-133 (base 4) to base 2
-11111
-21 (base 16) to base 14
-25
Convert -a (base 12) to base 4.
-22
What is -55 (base 12) in base 6?
-145
Convert 28 (base 10) to base 3.
1001
What is 3 (base 6) in base 9?
3
What is 1303 (base 4) in base 10?
115
Convert -8 (base 10) to base 4.
-20
What is 4d (base 16) in base 11?
70
Convert 36 (base 8) to base 5.
110
10 (base 3) to base 13
3
What is 2c (base 14) in base 6?
104
Convert -256 (base 7) to base 10.
-139
What is -464 (base 7) in base 2?
-11110010
Convert 1a3 (base 12) to base 16.
10b
-3 (base 14) to base 10
-3
302 (base 4) to base 5
200
What is -19 (base 13) in base 10?
-22
What is d (base 14) in base 2?
1101
What is -48 (base 12) in base 10?
-56
What is -6 (base 12) in base 5?
-11
201 (base 5) to base 15
36
What is 141 (base 5) in base 10?
46
What is -3 (base 5) in base 9?
-3
Convert 3 (base 14) to base 5.
3
What is 1 (base 9) in base 3?
1
Convert 3 (base 9) to base 2.
11
Convert -112 (base 4) to base 6.
-34
Convert 140 (base 13) to base 16.
dd
Convert 6 (base 8) to base 12.
6
-3 (base 5) to base 8
-3
-116 (base 9) to base 10
-96
Convert -30 (base 7) to base 3.
-210
Convert 1 (base 16) to base 3.
1
Convert -68 (base 10) to base 16.
-44
-3 (base 8) to base 13
-3
What is 19 (base 15) in base 4?
120
What is 20 (base 4) in base 14?
8
1 (base 6) to base 3
1
12020 (base 3) to base 6
353
Convert -21 (base 14) to base 7.
-41
-133 (base 6) to base 12
-49
-314 (base 6) to base 13
-91
Convert -3 (base 8) to base 15.
-3
What is 5 (base 14) in base 16?
5
0 (base 14) to base 15
0
What is -4 (base 16) in base 15?
-4
What is -45 (base 13) in base 7?
-111
What is -4 (base 11) in base 10?
-4
Convert -8 (base 15) to base 9.
-8
-122 (base 4) to base 7
-35
5 (base 7) to base 5
10
What is 2 (base 6) in base 13?
2
5 (base 7) to base 16
5
Convert 0 (base 4) to base 9.
0
What is 11 (base 9) in base 5?
20
What is 1 (base 13) in base 10?
1
What is 7 (base 15) in base 16?
7
61 (base 7) to base 15
2d
Convert -255 (base 13) to base 7.
-1122
30 (base 12) to base 6
100
What is 1020 (base 3) in base 16?
21
Convert -93 (base 11) to base 3.
-10210
-b (base 12) to base 13
-b
-4 (base 13) to base 11
-4
-6 (base 14) to base 12
-6
Convert -6 (base 14) to base 9.
-6
Convert 4 (base 15) to base 16.
4
-43 (base 11) to base 9
-52
Convert -3 (base 6) to base 11.
-3
-406 (base 8) to base 14
-14a
What is -4 (base 6) in base 8?
-4
What is 10 (base 16) in base 6?
24
35 (base 9) to base 11
2a
What is -10101110 (base 2) in base 16?
-ae
-131 (base 4) to base 8
-35
Convert -23 (base 11) to base 3.
-221
10 (base 10) to base 3
101
6 (base 13) to base 8
6
Convert 4b (base 13) to base 11.
58
What is 13 (base 7) in base 13?
a
Convert 13 (base 15) to base 2.
10010
-10 (base 3) to base 12
-3
Convert -5 (base 10) to base 4.
-11
214 (base 7) to base 11
9a
-2 (base 8) to base 4
-2
Convert -2 (base 13) to base 8.
-2
What is 3 (base 7) in base 13?
3
What is -5 (base 13) in base 7?
-5
What is -273 (base 8) in base 16?
-bb
Convert 4 (base 13) to base 16.
4
-1 (base 4) to base 14
-1
Convert 21 (base 10) to base 12.
19
Convert 10101 (base 2) to base 10.
21
-1b (base 12) to base 14
-19
What is -3 (base 6) in base 16?
-3
211 (base 4) to base 2
100101
What is 4 (base 9) in base 7?
4
What is -2 (base 16) in base 8?
-2
Convert -150 (base 6) to base 4.
-1002
What is -3 (base 14) in base 8?
-3
What is -17 (base 13) in base 3?
-202
1 (base 10) to base 14
1
-4 (base 9) to base 11
-4
What is 153 (base 6) in base 8?
105
What is -1 (base 16) in base 15?
-1
Convert -2 (base 10) to base 2.
-10
What is 1 (base 9) in base 15?
1
100 (base 3) to base 4
21
12 (base 9) to base 11
10
0 (base 7) to base 4
0
-8 (base 10) to base 11
-8
Convert 62 (base 11) to base 10.
68
Convert 141 (base 5) to base 14.
34
0 (base 2) to base 4
0
What is -29 (base 12) in base 9?
-36
What is 26 (base 16) in base 6?
102
-24 (base 11) to base 7
-35
Convert -24 (base 8) to base 15.
-15
What is 100 (base 3) in base 4?
21
Convert 101 (base 3) to base 12.
a
Convert 23 (base 5) to base 7.
16
-1 (base 3) to base 6
-1
What is 9b (base 13) in base 9?
152
What is 7 (base 10) in base 5?
12
What is -2 (base 4) in base 5?
-2
-b (base 15) to base 11
-10
What is -125 (base 8) in base 9?
-104
What is 14 (base 7) in base 5?
21
What is 5 (base 11) in base 14?
5
1 (base 16) to base 5
1
What is -ac (base 13) in base 5?
-1032
-4c (base 13) to base 15
-44
2 (base 14) to base 9
2
What is -176 (base 9) in base 10?
-150
7 (base 14) to base 15
7
Convert -5 (base 13) to base 16.
-5
21 (base 6) to base 12
11
Convert 123 (base 6) to base 12.
43
Convert -10 (base 8) to base 6.
-12
What is -3 (base 16) in base 8?
-3
Convert -a (base 11) to base 16.
-a
-4 (base 12) to base 2
-100
-12b (base 15) to base 12
-1a2
-43 (base 7) to base 9
-34
What is -4 (base 11) in base 15?
-4
25 (base 13) to base 9
34
Convert 23 (base 16) to base 6.
55
What is -85 (base 13) in base 6?
-301
Convert 20221 (base 3